 the highest common factor of 105 and s?
21
Let p(f) = 4*f**2 - 4*f - 4. Let i be p(-7). Let u be (-1 + 5)/((-17)/(-85)). Calculate the greatest common divisor of i and u.
20
Suppose 5*p = -20, 3*p - 301 = -5*s + 1427. Suppose 0 = 6*o - s - 84. What is the greatest common factor of o and 9?
9
Let j(k) = -10*k + 14. Let h be j(-3). Let x = -12 + 16. What is the greatest common factor of h and x?
4
Let y = -541 - -557. Calculate the highest common divisor of 1328 and y.
16
Let x = 95 - 206. Let p = x - -121. What is the greatest common factor of 6 and p?
2
Suppose n - 2*n - 8 = 0. Let q be (-20)/n*1*4. What is the greatest common factor of q and 4?
2
Suppose 0 = 4*a - 5*o - 5, 5*a = -5*o - 5 - 0. Suppose a*u + 15 = 3*u, -n - 3*u = -24. Calculate the greatest common divisor of n and 36.
9
Let i(j) = -2*j + 3. Let a(y) = 3*y - 3. Let v(s) = 3*a(s) + 4*i(s). Let n be v(0). Calculate the greatest common divisor of n and 24.
3
Let h be (-40)/200*(-265)/1. What is the greatest common factor of h and 318?
53
Let s = 422 + -370. What is the greatest common divisor of s and 4?
4
Let x = 311 + -183. Suppose -49*d + 224 = -35*d. Calculate the greatest common factor of d and x.
16
Let l = -144 - -82. Let o = l - -116. Calculate the greatest common factor of o and 6.
6
Suppose 5*d - 4*l = 25 + 83, -3*d - 2*l = -56. Calculate the greatest common factor of d and 580.
20
Suppose 5*g - 570 = 2*m, -2*g + 5*m - 257 = -4*g. Calculate the greatest common divisor of g and 174.
58
Suppose 5*s + 89 = -61. Let a = -18 - s. Suppose 4*c - 5*w - a = 0, 5*c - 2*w - 15 = -5*w. What is the highest common factor of 6 and c?
3
Suppose 5*d = 5*u - 575, -4*u - 3*d = 2*d - 487. Calculate the greatest common divisor of 177 and u.
59
Let z(w) = w + 12. Let p be z(-7). Let t = -405 - -440. What is the greatest common factor of p and t?
5
Let k(z) = 73*z - 13. Let i be k(4). Let o = i + -183. Calculate the greatest common factor of o and 12.
12
Let h(l) = l**2 - 2*l - 7. Let q be h(7). Let a(r) = -7*r + 6 - 5 - 12 - 3. Let m be a(-3). What is the highest common factor of m and q?
7
Suppose -m + 87 + 25 = 5*c, 0 = 3*c - 3*m - 60. Let r = -57 + 90. What is the greatest common factor of c and r?
11
Let u(m) = -3*m**3 + 4*m**2 - 5*m + 1. Let x be u(4). Let q = x + 101. Let h = q + 102. What is the highest common factor of 14 and h?
14
Let v(i) = 26*i. Let m be v(7). What is the highest common factor of m and 78?
26
Let p(r) = 2*r**2 - 15*r + 8. Let o be p(12). Suppose -40*s + 1044 = -28*s. Calculate the highest common factor of s and o.
29
Suppose -2*h - 2*h + 359 = 5*n, 4*n - 296 = -h. Let g be 1/3 - n/9. Let k be g/(-28) + 782/7. Calculate the highest common factor of 14 and k.
14
Suppose -v = -4 + 1. Let u be (-3)/(-9)*v + 17 + -4. What is the highest common divisor of 14 and u?
14
Let g be 20/15*45/4. What is the highest common divisor of g and 21?
3
Let g be ((168/(-32))/(-1))/(6/16). Calculate the highest common factor of g and 35.
7
Let y(b) = -3*b**3 - b**3 - 2 + 2*b - 3*b - 2*b**2 + 5*b**3. Let p be y(3). Suppose p*f + 4 - 64 = 0. What is the greatest common factor of 15 and f?
15
Let i be (10*(-2)/(-20))/(2/10). Let s be 64 + (-1)/(3 + -4). Calculate the greatest common divisor of s and i.
5
Let o = -7 - -4. Let a be 13/(-2) - o/6. Let k = 6 - a. What is the greatest common divisor of 108 and k?
12
Let a(x) be the third derivative of x**6/120 - x**5/10 - 3*x**3/2 - 13*x**2. Let o be a(7). Calculate the greatest common divisor of o and 5.
5
Suppose 26*f = -5*f + 24800. Calculate the highest common factor of f and 64.
32
Suppose -4*y - 5*q = -83, -26 = -4*y + 4*q - 6. Let o(w) = w**3 + 8*w**2 + 6*w. Let p be o(-6). What is the greatest common factor of y and p?
12
Let f = 2672 - 2634. What is the highest common divisor of 133 and f?
19
Suppose -k = -2*k + 4*x + 83, 4*k - 4*x = 296. Let c = k - 16. Let p(i) = i**2 + 12*i - 248. Let h be p(-23). Calculate the highest common factor of h and c.
5
Let s(y) = 69*y**2 - 2*y - 1. Let k be s(-1). Let g = k + -46. Suppose 6*z - 2*z - g = 0. What is the greatest common factor of z and 6?
6
Let i = -50 - -53. Let t = i - -29. What is the greatest common divisor of t and 8?
8
Suppose 14*m - 280 = 210. Calculate the highest common divisor of 2485 and m.
35
Let q(o) = o**2 - 9. Suppose -66 + 14 = 4*k. Let j = 5 + k. Let g be q(j). Calculate the greatest common factor of 5 and g.
5
Let r = -1270 + 1760. Calculate the greatest common factor of r and 392.
98
Let q(p) = -2*p**2 + 19*p + 1. Let l be q(3). What is the highest common factor of 2920 and l?
40
Let q be 87/(-6)*10*(-57)/95. Calculate the greatest common factor of 145 and q.
29
Suppose -2 = -2*a, 5*v + 2*a - a - 2091 = 0. What is the greatest common divisor of v and 38?
38
Let q(x) = 5*x - 31. Let o be q(7). Suppose 4*k - o*z - 76 = 0, -27 = -3*k - 2*z - z. Suppose 3*p = 2*p + 98. Calculate the highest common divisor of k and p.
14
Let t be -50*(24/20)/(-3). Let u be t/((1/2)/1). Suppose -37 - 43 = -5*o. What is the greatest common factor of u and o?
8
Suppose 0 = 4*b - 7 - 1. Suppose 2*s + 0 = b. Let y(z) = 6*z. Let l be y(s). Calculate the highest common divisor of 66 and l.
6
Let p = -41 + 46. Suppose 57 = h - 3*a, 63 = -8*h + 9*h - p*a. What is the greatest common factor of h and 72?
24
Let t = 1140 + -756. What is the highest common factor of t and 48?
48
Let t = -1 - -1. Suppose -3*p + 0*p = t. Suppose -3*m = 2*f - 70, 2*f + 18 = m - p*f. Calculate the greatest common divisor of 22 and m.
22
Let c = 12 - 2. Suppose -2*f + 22 = 5*x, -5*x - 4*f + 14 = -c. Let b(u) = -u**3 + 6*u**2 - u - 2. Let h be b(x). What is the greatest common factor of 65 and h?
13
Suppose -1 = n, -l = 2*l + 5*n - 7. Suppose 12*q + 180 = l*b + 8*q, -5*q + 180 = 4*b. Calculate the greatest common factor of 30 and b.
15
Suppose 33*n + 80 = 4*s + 30*n, 0 = -3*s + n + 65. Calculate the greatest common divisor of s and 1.
1
Let u = -118 - -134. What is the highest common factor of 400 and u?
16
Suppose -2*o + 256 = 5*v, 0 = -8*o + 3*o + 2*v + 698. What is the greatest common divisor of o and 12?
6
Suppose -18 = -4*j + 2*k, 3*j + k + 2*k = -9. Suppose 3*p - 22 = -4*d, -4*p + 5*d + 21 = j. Calculate the greatest common factor of 4 and p.
2
Let z be (0/(-2) - -21) + -2. Suppose -42*d = -27*d - 75. Suppose b = 3*o - b, -d*o + z = 3*b. What is the greatest common divisor of o and 5?
1
Suppose 0 = -3*p - 3*m - 45, 3*p = 5*m - 26 - 43. Let c be (99/p)/((-2)/12). What is the greatest common factor of 3 and c?
3
Suppose 5 = i, -j - 5*i + 19 = -7. Let z be 1 - 1 - (-4)/(-2 + 0). Let k be (-1 + 3)*(-11)/z. What is the highest common divisor of j and k?
1
Let s be -27*(4 + (-16)/3). Let v be 4/(-18) + (-83)/(-9). What is the highest common factor of s and v?
9
Suppose -95 = 2*j - 5*b - 556, -416 = -2*j - 4*b. Suppose -5*f + 22 = -j. What is the greatest common factor of f and 3?
3
Let z = 155 - 91. Let x = -4 + z. Calculate the highest common factor of 150 and x.
30
Suppose 3*p - 7*p - 4*b + 2076 = 0, -p + 4*b + 529 = 0. Let z = p - 209. What is the highest common divisor of 39 and z?
39
Let a = 711 + -513. Suppose 3*m - 82 = m. Suppose -m = -3*j + 25. Calculate the greatest common divisor of a and j.
22
Let a = 509 - 482. Suppose 2*s - 2*f + 220 = 4*s, 5*s - 536 = 2*f. Calculate the highest common factor of a and s.
27
Suppose -3*m + 425 = 4*p - 1331, m - 590 = p. Calculate the greatest common divisor of 12 and m.
12
Suppose -f - 1 = -3, 3*i = 4*f + 49. Let o(u) = -15*u - 9. Let h be (6/9)/((-1)/18). Let t be o(h). What is the highest common factor of t and i?
19
Let b = 110 + 138. Calculate the highest common divisor of b and 310.
62
Suppose y + 3*t + 30 = 4*y, 5 = 2*y + t. Suppose 3*x - y = 4. What is the highest common divisor of x and 2?
1
Let b be (4 - (-2 + (-9)/(-3))) + 42. Let j = b + -29. Calculate the highest common divisor of 16 and j.
16
Suppose 0 = -4*w + 9*y + 3900, -4*w - 5*y + 1247 = -2597. What is the highest common divisor of w and 46?
46
Let z = 253 - -14. Suppose 6*g = 459 + z. What is the highest common divisor of 11 and g?
11
Let u(d) = d**3 + 17. Let c be u(0). Let q = 18 - c. Let p be 6/4*(q + 5). What is the greatest common divisor of p and 9?
9
Suppose -3*z = q - 12, 4*z - 5*q - 40 = -z. Let i = 14